 = b + -29. List the prime factors of v.
3, 7
Suppose 34275 = 30*m - 5775. What are the prime factors of m?
3, 5, 89
Let n(r) = 3*r - 19. Let p = 1 - -6. List the prime factors of n(p).
2
Let y be 3*(-4)/6 + 5. Suppose -y*t - 88 = -4*t. Let n = t - 58. List the prime factors of n.
2, 3, 5
Let i(l) = l - 1. Let b be i(6). Let h(n) = -3 - b + 1 + n. List the prime factors of h(11).
2
Suppose u = 2*s + 25, 2*u - 4 - 52 = 2*s. Let k = 124 - u. What are the prime factors of k?
3, 31
Suppose -5*n = 5*t + 25, 2*n - 5*n = -t - 13. List the prime factors of (-1278)/t - 24/42.
2, 7, 13
Suppose 0 = 173*a - 180*a + 371. List the prime factors of a.
53
Let a = -12 - -21. Let o(w) = 10*w**2 - 9 - 9*w**2 - 4 - 7*w. List the prime factors of o(a).
5
Suppose -5*t + 1691 = -2*y, 2*t + 3*y - 688 = -2*y. What are the prime factors of t?
3, 113
Suppose 0 = 3*a + w - 3665, 2*a + 2*w - 2384 = 62. What are the prime factors of a?
3, 11, 37
Let i be ((-5)/(-1))/(4/4). Suppose -i*l + 4 = -2*r - 3, -4*r + 13 = -l. Suppose -r*w + 19 + 41 = 0. What are the prime factors of w?
3, 5
Let i be ((-12)/(-9))/(4/60). Suppose -i = -2*r + 34. Suppose 0 = -4*q + 101 + r. What are the prime factors of q?
2
Let j = 119 + -57. Let h = 90 - j. List the prime factors of h.
2, 7
Let x be 2/7 + (-54)/(-7). Let w be (42/x)/(7/(-28)). Let q = -2 - w. What are the prime factors of q?
19
Let h = -1572 + 3674. What are the prime factors of h?
2, 1051
Suppose -3*z = -198 - 9. Let v = z - 62. What are the prime factors of v?
7
Suppose 2 = -b + a + 29, 5*a = -4*b + 72. Let g be -1 - (-11 - 0/(-1)). Let c = b + g. What are the prime factors of c?
3, 11
Let g(h) = -7*h - 6. Let j be g(7). Let s = j - -28. Let t = 73 + s. List the prime factors of t.
2, 23
Suppose 36 + 24 = -2*m. Let q be ((-10)/(-6))/((-2)/m). Suppose 11 = -z + q. List the prime factors of z.
2, 7
Suppose -19123 - 672 = -37*v. List the prime factors of v.
5, 107
Let z(p) = -p**3 - p**2 - p + 2. Let f be -4*4/8 - 3. Let a be z(f). Let w = a - 63. What are the prime factors of w?
2, 11
List the prime factors of 2/((-3)/(-2988)*4).
2, 3, 83
Let o(v) = -2*v + 30. Let u be o(13). List the prime factors of (-6*13)/((-6)/u).
2, 13
Let k(p) = -73*p**3. Let d be 4/(-3) + 8/24. What are the prime factors of k(d)?
73
Let p(r) = r**3 + 21*r**2 - 92*r + 29. What are the prime factors of p(-24)?
509
Let j = 24 + -19. Let i = j + 8. List the prime factors of i.
13
Suppose -3*v = -5*v - 3*d - 2, -5*v + 2*d = -33. Suppose l - 3 = 2*n - 2, v*l = -3*n + 31. Suppose n*x - 93 = -x. What are the prime factors of x?
31
Let g(n) = -2*n - 1. Let s be g(-1). Let h = 1 - s. Suppose h = -3*v + v + 68. What are the prime factors of v?
2, 17
Suppose 10*t + 391 + 489 = 0. Let h = -57 - t. List the prime factors of h.
31
Let f(y) be the first derivative of y**4/4 + 5*y + 8. List the prime factors of f(0).
5
Suppose -l + 2 + 1 = 0, 21 = 5*i - 3*l. What are the prime factors of (-10)/(-6)*(i + -3)?
5
Let r = 419 - -623. What are the prime factors of r?
2, 521
Suppose -3000 = 10*f - 16*f. List the prime factors of f.
2, 5
Let z(h) = 4*h**2 + 12*h - 9. Let m be z(6). Suppose 3*c - 3*f = m, -3*c + 3*f = f - 212. List the prime factors of c.
2, 37
Suppose 0 = -21*a + 16*a - 10. Let w be a*(-103 + -4 - 3). What are the prime factors of ((-12)/(-10))/(8/w)?
3, 11
Let m(t) = -6*t**2 - 27*t + 43. Let b(d) = 7*d**2 + 28*d - 44. Let j(h) = -4*b(h) - 5*m(h). What are the prime factors of j(-17)?
2, 37
Suppose 0*r - 4*r = -8*r. Suppose 2*k + 6*k - 1144 = r. What are the prime factors of k?
11, 13
What are the prime factors of (-2149)/(-9) + (1 - (-7)/(-9))?
239
Suppose 42*o = 33*o + 47034. What are the prime factors of o?
2, 3, 13, 67
Let q(t) = -t**2 + 13*t - 14. Let x(f) = f - 4. Let z be x(6). Suppose z*y - 5*y = -33. List the prime factors of q(y).
2
Suppose a + 14 = 3*i - a, -16 = 4*a. List the prime factors of i + (-3 - -2) + 12.
13
Let w = -203 + 80. Let y = w - -203. Suppose y = 4*n - 8. List the prime factors of n.
2, 11
Let t = 228 + 83. What are the prime factors of t?
311
What are the prime factors of 404 + 41 - (2 - 4)?
3, 149
Let t(u) = 12*u**2 - u - 1. Let p be t(-1). Suppose -4*a = -0*a - p. What are the prime factors of a/(-9) + 44/6?
7
Let h(p) = 110*p + 368. What are the prime factors of h(33)?
2, 1999
Let p = 667 + 197. List the prime factors of p.
2, 3
Let b = -1364 + 2100. List the prime factors of b.
2, 23
Suppose -2*u + 9*z + 948 = 4*z, u - 4*z = 474. What are the prime factors of u?
2, 3, 79
Let q(b) = -b**3 + 10*b**2 + 31*b - 14. Let z = 43 + -31. What are the prime factors of q(z)?
2, 5, 7
Suppose -p = -4*p - 5*m + 6, -4*p = 4*m - 8. What are the prime factors of 212/(-6)*(-3)/p?
53
Suppose -7*o - 12 = -3*o - u, 0 = -2*u. Let b(g) = 18*g**2 + 7*g + 4. What are the prime factors of b(o)?
5, 29
Let u be (-5)/(-2)*(-11)/(33/114). List the prime factors of -10*u/10 - 3.
2, 23
List the prime factors of (49951/33)/(-4 + 52/12).
19, 239
Let z(r) = 8*r - 40. Let c be z(5). Suppose c = u - 248 + 88. List the prime factors of u.
2, 5
Let f = 496 + -133. List the prime factors of f.
3, 11
Let m(i) be the third derivative of i**5/15 - i**4/24 - i**3/3 - 2*i**2. What are the prime factors of m(5)?
3, 31
Suppose 0 = 4*i + 25*i + 899. Suppose 61 = -4*o - 7. Let n = o - i. What are the prime factors of n?
2, 7
Suppose 0 = x + 4*c - 4, x - 2*c - 2*c + 4 = 0. Suppose 0 = -2*r - 8, x = -3*u - 3*r + 2*r + 62. Let k = u + -17. What are the prime factors of k?
5
Suppose -5*r - 3*k = -740, -3*r = 2*k + 3*k - 444. Let o = r - 7. What are the prime factors of o?
3, 47
Let u = -9 - -12. Suppose -7*k + 25 + u = 0. Let f = 10 + k. What are the prime factors of f?
2, 7
Let p(o) = o**3 + 14*o**2 - 16*o - 11. Let j(k) = -k**3 - 15*k**2 + 17*k + 11. Let u(s) = 5*j(s) + 6*p(s). List the prime factors of u(-7).
2, 41
Let c be (-2175)/(-315) + (-4)/(-42). Let v be (2 + 0)*(2 + -1). Suppose 2*g = -3*a + 59, 22 + c = v*g - 3*a. What are the prime factors of g?
2, 11
Let x be 32/18 - (-7)/126*4. Suppose m - 51 = -x*m. List the prime factors of m.
17
Suppose -2*x - 48 = x. Let y = 29 + x. Let k = -4 + y. What are the prime factors of k?
3
Suppose -5*z + 11 = 4*l, z = -2*z - 4*l + 5. Let n = 41 + z. List the prime factors of n.
2, 11
Suppose 13*i - 1713 = 1992. What are the prime factors of i?
3, 5, 19
Let w = 594 + -469. List the prime factors of w.
5
Suppose 0 = 8*u - 14*u + 2904. What are the prime factors of u?
2, 11
Suppose 5*m + 135 + 65 = 0. Let j be (m/(-50))/(2/(-25)). What are the prime factors of (-178)/j - 8/(-40)?
2, 3
Suppose 0 = 4*l + 2*s - 470, 8*s - 220 = -2*l + 10*s. List the prime factors of l.
5, 23
Suppose -4*g - 44 - 88 = 0. Suppose -3*q + 138 = -0*q. Let k = q + g. List the prime factors of k.
13
Let t(y) = -y**3 + 4*y**2 - 2*y. Let z be t(4). Let a be (z/4)/2*-39. Let v = a - 20. List the prime factors of v.
19
Suppose -4*u = -5*j + 3, 0 = 5*j - 3*u - 5 - 1. Suppose 6 = -2*r, 85 = 3*h - j*r - 77. Let i = h - -28. List the prime factors of i.
79
Let h(p) = -2*p + 21. Let l be (4 - (-11)/(-3))*0. What are the prime factors of h(l)?
3, 7
List the prime factors of (-6)/(-66) + 0 + (-18808)/(-22).
3, 5, 19
Let u = 16 + -7. Let f(v) = -v**3 + 10*v**2 - 6*v + 5. List the prime factors of f(u).
2
Suppose g - 7*l = -5*l + 745, -2*g + l = -1475. What are the prime factors of g?
3, 5, 7
Let u(a) = -a**2 + 8*a - 17. Let f(v) = 8*v - 17. Let y(i) = 3*f(i) - 4*u(i). What are the prime factors of y(4)?
7
Let n(p) = -6*p + 9. Let g = 10 + -14. What are the prime factors of n(g)?
3, 11
Suppose 2*l = 6, 32 + 46 = d - l. List the prime factors of d.
3
Suppose 3*z = -4*k + 8297, -3*k - 6*z = -7*z - 6226. List the prime factors of k.
5, 83
Let t(h) be the third derivative of -h**6/120 - 7*h**5/60 - 7*h**4/24 - 7*h**3/6 - 3*h**2. Let i be t(-6). List the prime factors of (1/(-2))/(i/46).
23
Let t(l) = l**2 + 1. Let b(y) = -2 + 3*y**2 - 5*y + 2*y**2 + 2*y**2 - 6*y**2. Let w be b(6). What are the prime factors of t(w)?
17
Let l be (-2)/(-7) - (-4104)/(-56). Let o = -19 - l. List the prime factors of o.
2, 3
Suppose 0 = -3*i + 1473 - 207. List the prime factors of i.
2, 211
Let v(q) = -8*q + 6. Let c be v(-15). List the prime factors of c/(-36)*(-56)/(2*1).
2, 7
Let n(h) = -107*h - 13.